ber?
True
Let k(d) = -d + 16. Let t = -28 + 44. Let q be k(t). Suppose q = -2*g + 553 - 147. Is g a composite number?
True
Let i be 3/(2/(-2))*-1. Let m(j) = -2 + 11*j**3 + 6 + 8*j**2 - 4*j**2. Is m(i) composite?
False
Suppose 11*s - 28201 - 8946 = 0. Is s composite?
True
Let o(g) be the third derivative of -g**6/120 - g**5/6 - g**4/6 - 13*g**3/2 + 3*g**2. Is o(-22) composite?
False
Let r be 10/50 + (-9329)/(-5). Let w = r - 979. Is w prime?
True
Let j(q) = -q - 7. Let v be j(-10). Suppose 1688 = v*h + 3*y + 170, -3*h - 4*y = -1513. Is h prime?
False
Let y be 0 + 454/(-1) - -2. Is 1 + y/(-6) + (-2)/(-3) composite?
True
Let v(h) be the first derivative of 49*h**2/2 + 15*h - 3. Is v(4) a prime number?
True
Suppose 5*j + 0*x = 2*x + 100, -4*x + 60 = 3*j. Let g = j + -21. Is 134 - -1*(-4 - g) a prime number?
True
Let a = 100427 + -63822. Is a a prime number?
False
Suppose d = -2*r, -5*d = -0*d + 3*r. Suppose d = -3*j, q - 254 = -0*j - 2*j. Is q a composite number?
True
Suppose -4*i + s + 33 = 2, 8 = -i - 5*s. Let f be (-18)/(-63)*i/2. Is (16 - 13) + 93 + f composite?
False
Suppose -6*h = -48 - 6984. Is (-1)/((0 - 4)/h) prime?
True
Suppose -4*t - 870 = t + 5*h, -4*t + 4*h = 688. Let r = 531 + t. Is r composite?
True
Suppose 0 = -w + 6 - 11. Let q = w + -1. Is q*4/(-8) + 248 prime?
True
Suppose 3*b = 5*c - b + 904, 3*c + 3*b + 564 = 0. Let l = c + 549. Is l a composite number?
True
Let w = 15125 - 6096. Is w prime?
True
Suppose 0 = 9*k - 4*k - 4495. Suppose -5*v = -m - 4431, -v - m = 2*m - k. Is v prime?
True
Suppose -6 = -2*y, 5*m + y = -2*y + 619. Let b = m + -7. Suppose -3*w = -z + 3*z - b, -4 = 4*w. Is z composite?
False
Suppose 0 = -5*z - 3*s - 7, -5*z + 0*s + 21 = -4*s. Is 20870/20 + z/(-2) a prime number?
False
Let y be 1 - (-4 - -4 - 11). Let p(w) = 51*w - 49. Is p(y) prime?
True
Suppose -5*b + 8 = -0*r + r, 5*r + 3*b = 128. Suppose r = 2*z - 90. Is z a composite number?
False
Let q(u) = 13*u - 24. Let j be q(6). Suppose 5*o + c - j = 227, 183 = 3*o - 3*c. Is o prime?
False
Suppose 2*n + 5*n = 364. Is 4/(32/n)*6 a prime number?
False
Suppose 2*d - 2739 = k, 6820 = 3*d + 2*d + 3*k. Is d composite?
False
Let h = -1060 + 2183. Is h a composite number?
False
Let v(a) be the second derivative of 17*a**3 - 11*a**2/2 - 13*a. Is v(10) composite?
False
Suppose -v - 3*w = 8, -v + 4*w + 10 = -3*v. Let j(q) = -36*q - 6. Let s(f) = -36*f - 7. Let a(m) = -6*j(m) + 5*s(m). Is a(v) a composite number?
False
Let u = 14955 - 10128. Is u composite?
True
Let x(k) = k**3 + 48*k**2 - 101*k + 221. Is x(-50) a prime number?
True
Let x be 0 + (-2 - -2 - 1). Let g(j) = 77*j**2. Is g(x) composite?
True
Let b(a) = 2*a**2 - 42*a + 47. Is b(-35) prime?
True
Let v be (-61584)/(-33) + 2/(-11). Let r be v/12 + (-1)/2. Suppose 0 = 5*q + 10, -2*q = -g - 6*q + r. Is g composite?
False
Suppose -2*l + 5*l + 3*y = 810, 0 = 3*y. Let m be (-48)/(-112) - l/(-7). Let s = 40 + m. Is s a prime number?
True
Let o be 2/(1 + 3) + (-882)/28. Suppose t + f - 115 = 0, 0 = -5*t - 3*f + 5*f + 596. Let b = t - o. Is b composite?
False
Let m(f) = 16*f**2 + 4*f - 10 + 11 + 16*f**2. Is m(-7) composite?
True
Let w(b) = 1990*b**2 - 24*b + 25. Is w(1) a prime number?
False
Suppose 3*k + g = 4649, 0*k + k = 4*g + 1554. Let v = k + -927. Is v composite?
True
Let q(l) = l**2 - 9*l - 10. Let m be (3/(-1))/(27/(-90)). Let j be q(m). Suppose b = -j*b + 6. Is b prime?
False
Let m(s) = -410*s**3 - 14*s**2 + 31*s + 169. Is m(-6) a composite number?
True
Let j = 5627 + 1496. Is j composite?
True
Suppose -4*r - 87 + 5 = -5*l, -l = 5*r + 88. Let w be (3/(-2))/(r/(-48)). Let g = w + 14. Is g a composite number?
True
Let n(y) = -y**3 + 12*y**2 - 10*y + 13. Let t be n(9). Let z = t + 231. Suppose 4*h + 90 = f, -2*h + 19 - z = -5*f. Is f a composite number?
True
Suppose -6 = -2*n, 2*q - 5*q - 5*n = -30. Suppose 6543 = -q*j + 23528. Is j a prime number?
False
Let w(f) be the second derivative of 11*f**4/4 + f**3/3 - f**2 + 5*f. Is w(3) composite?
True
Let z be 2 + -3 - (-6)/6. Is 3*(z + (-1516)/(-12)) composite?
False
Suppose -102 = 2*g + 10. Let b = 107 - g. Is b composite?
False
Suppose 4*v + 58 = 3*t + 2*v, 46 = 3*t + 4*v. Suppose 3*u = t - 0. Let a(g) = 2*g**2 + 2*g - 5. Is a(u) prime?
True
Let w = 31 - 23. Let g(m) = -26*m - 17. Let y(n) = n - 1. Let z(c) = -g(c) + 2*y(c). Is z(w) prime?
True
Is (-6)/27 + 83320/72 a composite number?
True
Let k = -105 + 646. Let l be 5/(105/9) - 10182/42. Let c = k + l. Is c a prime number?
False
Let d be ((-346)/(-5))/(17/(-85)). Let u = 61 - d. Is u a composite number?
True
Suppose 3*u = -0*u + 21. Suppose 0 = u*s - 2*s - 25. Is (s/3)/((-4)/(-276)) prime?
False
Suppose -o - 3*o = -8. Suppose -566 + 120 = -o*z. Is z prime?
True
Suppose 2*x - 4 = 0, 2*s + 3*x = 84450 + 6502. Is s a prime number?
False
Suppose 39*g = 93277 + 40376. Is g a composite number?
True
Let r(m) = -96*m**3 - 3*m**2 + m + 5. Is r(-3) a prime number?
False
Let d(o) = -o - 14. Let s be d(-16). Suppose q + 2205 = 4*r, -s*r + 0*r = -5*q - 1107. Is r prime?
False
Let d = 0 + -30. Let g be d/25*3170/(-3). Suppose -3*l - g = -7*l. Is l composite?
False
Let u = -665 - 262. Is (-36)/90 + u/(-5) a prime number?
False
Is ((-2)/8)/(48937/(-8156) + 6) composite?
False
Suppose 5*m + 49531 = 4*l, 5*l - 3*m - 552 = 61352. Is l prime?
True
Is -2*5*10/25 - -111725 a prime number?
True
Let g(q) = -7*q - 66. Let l be g(-11). Suppose l = 3*z + 2, -4*x = 2*z - 1522. Is x a composite number?
False
Let d = 22 - 5. Suppose 8*a - 3*a - 10 = 0. Suppose -a*k + 205 + d = 0. Is k prime?
False
Is 4597 + -16 + (-4)/(-2) + -6 a prime number?
False
Let d(j) = 59*j**3 - 10*j**2 - 60*j**3 - 8*j + 4 + 0. Is d(-11) a prime number?
False
Let d = 9509 + -6646. Let r = d + -1950. Is r a composite number?
True
Let v(l) = l**3 - 5*l**2 + 7*l + 8. Let x(m) = m**3 - 10*m**2 + 14*m + 17. Let i(h) = -5*v(h) + 3*x(h). Is i(-6) composite?
True
Suppose 5*t - 100 = 10. Let q = 243 - t. Is q prime?
False
Let y(p) = -2*p + 15. Let j be y(6). Suppose j*r - 173 = -x, 2*x - 2*r - 563 = -x. Is x a prime number?
False
Suppose 0 = -2*x + 3*p + 720, -5*x + 2*p + 0*p + 1800 = 0. Suppose -x = 2*q - 1204. Is q composite?
True
Suppose 31*q - 213208 - 109409 = 0. Is q a prime number?
False
Let i(q) = -131*q + 5. Let h(o) = -654*o + 24. Let s(k) = -3*h(k) + 14*i(k). Let m be s(3). Suppose 0 = -z - z + m. Is z composite?
False
Let s(a) = 31*a + 25. Is s(6) a prime number?
True
Is 8951*(-4)/(-3 + -1) prime?
True
Suppose 8*d - 26 = -18. Is 5*37*100/125 + d a composite number?
False
Let c be (-7)/((-7)/174) + -2. Suppose -v + 9*v + 456 = 0. Let l = c + v. Is l prime?
False
Is ((-161)/14)/(((-7)/(-502))/(-7)) a prime number?
False
Let q be (-6 + 3)*-3*(2 - 1). Is ((-47410)/(-90) - -8) + 2/q composite?
True
Let r = 2345 - 1052. Is (0 - 6/(-9)*r)*1 prime?
False
Suppose -6*n + 150103 = -78311. Is n prime?
True
Suppose 0 = -l - 0 + 2. Suppose l*k + 3*f - 1496 = 0, k - 739 = 4*f - f. Is k a prime number?
False
Let w = 6607 - 3788. Is w composite?
False
Suppose 0 = -162*z + 107*z + 139645. Is z prime?
True
Suppose 22 = 5*q + t - 18, 0 = 2*q + 3*t - 29. Suppose 4 = -4*z - q*k + 3*k, -5*z + k = 23. Let b(r) = 12*r**2 - 2*r - 6. Is b(z) a prime number?
False
Let s(q) = 22*q**2 + 3. Let c(x) = 44*x**2 + 7. Let b(n) = -2*c(n) + 5*s(n). Is b(-2) a composite number?
False
Let x be 3/(-3) + 0 + -6. Let i be 3 + x - (-7 - 1). Is ((-153)/(i - 7))/1 composite?
True
Suppose -10*b - 15 = -13*b. Suppose b*o = l - 26, 2*l + 8 = -0*l. Is o/10 + (-438)/(-30) a prime number?
False
Let p = 24 + -24. Suppose p = 5*s - 296 - 769. Is s composite?
True
Suppose 0 = -2*f, -2*n + 5*n = -f + 3558. Suppose -6*u + 903 = 3*c - 3*u, n = 4*c - 5*u. Is c composite?
True
Let k(f) be the third derivative of f**5/60 - 5*f**4/12 + f**3/2 - 7*f**2. Let h be k(10). Suppose 4*s - 673 = h*s. Is s prime?
True
Let y(z) = -z - 30. Let j(n) = -2*n**2 + n + 31. Let g(d) = -5*j(d) - 6*y(d). Is g(-6) prime?
True
Is 18 + -25 + 2778/3 a composite number?
False
Let j = 773 + 61. Let f = 1229 - j. Suppose -2*h - f = -7*h. Is h a composite number?
False
Suppose -8 = 4*o - 24. Suppose 5*k - k + o = 0. Is k - 24/4*-97 composite?
True
Is 0 + (-2 - -4) - -88485 prime?
False
Suppose 4*t - 1 - 19 = 4*p, -4 = -4*p. Suppose -3*j + 18 = 